{"id":4151,"date":"2020-12-16T15:55:35","date_gmt":"2020-12-16T14:55:35","guid":{"rendered":"https:\/\/undsgn.com\/uncode\/?post_type=portfolio&#038;p=4151"},"modified":"2021-10-21T11:07:22","modified_gmt":"2021-10-21T09:07:22","slug":"centered-slides","status":"publish","type":"portfolio","link":"https:\/\/siter.fr\/index.php\/portfolio\/centered-slides\/","title":{"rendered":"LEFEBVRE-SARRUT"},"content":{"rendered":"<p><img decoding=\"async\" class=\"size-medium wp-image-102092 alignright\" src=\"http:\/\/siter.fr\/wp-content\/uploads\/2021\/10\/logo-gradient-10-2021-300x87.png\" alt=\"\" width=\"300\" height=\"87\" srcset=\"https:\/\/siter.fr\/wp-content\/uploads\/2021\/10\/logo-gradient-10-2021-300x87.png 300w, https:\/\/siter.fr\/wp-content\/uploads\/2021\/10\/logo-gradient-10-2021.png 402w\" sizes=\"(max-width: 300px) 100vw, 300px\" \/>SITER accompagne les marques du groupe Lefebvre-Sarrut dans la gestion, le suivi et l\u2019\u00e9valuation de l\u2019exp\u00e9rience client.<\/p>\n<p>Lefebvre-Sarrut est le leader de la connaissance juridique et fiscale au travers de ses marques en France et en Europe, avec des expertises dans les domaines de l\u2019\u00e9dition, de la formation et du logiciel.<\/p>\n<p>Gradient est une solution compl\u00e8te de pilotage de l\u2019exp\u00e9rience des participants et formateurs pour les soci\u00e9t\u00e9s de formation :<\/p>\n<ul>\n<li aria-level=\"1\">recrutement, suivi des comp\u00e9tences et planification des intervenants<\/li>\n<li aria-level=\"1\">mise \u00e0 disposition des ressources p\u00e9dagogiques<\/li>\n<li aria-level=\"1\">collecte des besoins des participants<\/li>\n<li aria-level=\"1\">calendrier des sessions<\/li>\n<li aria-level=\"1\">pilotage de la qualit\u00e9 (NPS)<\/li>\n<li aria-level=\"1\">certification des comp\u00e9tences acquises<\/li>\n<\/ul>\n","protected":false},"excerpt":{"rendered":"<p>Avec Gradient, les marques du groupe Lefebvre-Sarrut r\u00e9alisent le suivi de leurs formations, de la relations aux participants, la validation des comp\u00e9tences acquises, la mesure de la qualit\u00e9 des formations et la gestion des comp\u00e9tences des intervenants<\/p>\n","protected":false},"author":1,"featured_media":102022,"parent":0,"menu_order":0,"comment_status":"open","ping_status":"open","template":"","meta":{"footnotes":""},"portfolio_category":[87],"class_list":["post-4151","portfolio","type-portfolio","status-publish","has-post-thumbnail","hentry","portfolio_category-reference"],"_links":{"self":[{"href":"https:\/\/siter.fr\/index.php\/wp-json\/wp\/v2\/portfolio\/4151","targetHints":{"allow":["GET"]}}],"collection":[{"href":"https:\/\/siter.fr\/index.php\/wp-json\/wp\/v2\/portfolio"}],"about":[{"href":"https:\/\/siter.fr\/index.php\/wp-json\/wp\/v2\/types\/portfolio"}],"author":[{"embeddable":true,"href":"https:\/\/siter.fr\/index.php\/wp-json\/wp\/v2\/users\/1"}],"replies":[{"embeddable":true,"href":"https:\/\/siter.fr\/index.php\/wp-json\/wp\/v2\/comments?post=4151"}],"version-history":[{"count":5,"href":"https:\/\/siter.fr\/index.php\/wp-json\/wp\/v2\/portfolio\/4151\/revisions"}],"predecessor-version":[{"id":102142,"href":"https:\/\/siter.fr\/index.php\/wp-json\/wp\/v2\/portfolio\/4151\/revisions\/102142"}],"wp:featuredmedia":[{"embeddable":true,"href":"https:\/\/siter.fr\/index.php\/wp-json\/wp\/v2\/media\/102022"}],"wp:attachment":[{"href":"https:\/\/siter.fr\/index.php\/wp-json\/wp\/v2\/media?parent=4151"}],"wp:term":[{"taxonomy":"portfolio_category","embeddable":true,"href":"https:\/\/siter.fr\/index.php\/wp-json\/wp\/v2\/portfolio_category?post=4151"}],"curies":[{"name":"wp","href":"https:\/\/api.w.org\/{rel}","templated":true}]}}

<p><img decoding="async" class="size-medium wp-image-102092 alignright" src="http://siter.fr/wp-content/uploads/2021/10/logo-gradient-10-2021-300x87.png" alt="" width="300" height="87" srcset="https://siter.fr/wp-content/uploads/2021/10/logo-gradient-10-2021-300x87.png 300w, https://siter.fr/wp-content/uploads/2021/10/logo-gradient-10-2021.png 402w" sizes="(max-width: 300px) 100vw, 300px" />SITER accompagne les marques du groupe Lefebvre-Sarrut dans la gestion, le suivi et l’évaluation de l’expérience client.</p>
<p>Lefebvre-Sarrut est le leader de la connaissance juridique et fiscale au travers de ses marques en France et en Europe, avec des expertises dans les domaines de l’édition, de la formation et du logiciel.</p>
<p>Gradient est une solution complète de pilotage de l’expérience des participants et formateurs pour les sociétés de formation :</p>
<ul>
<li aria-level="1">recrutement, suivi des compétences et planification des intervenants</li>
<li aria-level="1">mise à disposition des ressources pédagogiques</li>
<li aria-level="1">collecte des besoins des participants</li>
<li aria-level="1">calendrier des sessions</li>
<li aria-level="1">pilotage de la qualité (NPS)</li>
<li aria-level="1">certification des compétences acquises</li>
</ul>

<p>Avec Gradient, les marques du groupe Lefebvre-Sarrut réalisent le suivi de leurs formations, de la relations aux participants, la validation des compétences acquises, la mesure de la qualité des formations et la gestion des compétences des intervenants</p>
