{"id":102157,"date":"2023-07-21T13:49:42","date_gmt":"2023-07-21T11:49:42","guid":{"rendered":"http:\/\/siter.fr\/?page_id=102157"},"modified":"2023-11-07T16:05:18","modified_gmt":"2023-11-07T15:05:18","slug":"nos-solutions","status":"publish","type":"page","link":"https:\/\/siter.fr\/index.php\/nos-solutions\/","title":{"rendered":"Nos solutions"},"content":{"rendered":"<div class=\"wpb-content-wrapper\"><p>[vc_row][vc_column column_width_percent=\u00a0\u00bb100&Prime; gutter_size=\u00a0\u00bb3&Prime; overlay_alpha=\u00a0\u00bb50&Prime; shift_x=\u00a0\u00bb0&Prime; shift_y=\u00a0\u00bb0&Prime; shift_y_down=\u00a0\u00bb0&Prime; z_index=\u00a0\u00bb0&Prime; medium_width=\u00a0\u00bb0&Prime; mobile_width=\u00a0\u00bb0&Prime; width=\u00a0\u00bb1\/4&Prime; uncode_shortcode_id=\u00a0\u00bb177690&Prime;][vc_column_text uncode_shortcode_id=\u00a0\u00bb108862&Prime;]<strong>D\u00e9couvrez nos produits et services en vid\u00e9os<\/strong>[\/vc_column_text][vc_gallery el_id=\u00a0\u00bbgallery-159136&Prime; isotope_mode=\u00a0\u00bbvertical\u00a0\u00bb medias=\u00a0\u00bb102344,102345,102347,102343,102356&Prime; gallery_back_color=\u00a0\u00bbcolor-xsdn\u00a0\u00bb gutter_size=\u00a0\u00bb0&Prime; media_items=\u00a0\u00bbmedia|lightbox|original,title\u00a0\u00bb screen_lg=\u00a0\u00bb1000&Prime; screen_md=\u00a0\u00bb600&Prime; screen_sm=\u00a0\u00bb480&Prime; single_overlay_color=\u00a0\u00bbcolor-xsdn\u00a0\u00bb single_overlay_opacity=\u00a0\u00bb50&Prime; single_padding=\u00a0\u00bb1&Prime; lbox_dir=\u00a0\u00bbvertical\u00a0\u00bb uncode_shortcode_id=\u00a0\u00bb976643&Prime; title=\u00a0\u00bbVideo produits\u00a0\u00bb gallery_back_color_type=\u00a0\u00bbuncode-palette\u00a0\u00bb][\/vc_column][vc_column width=\u00a0\u00bb3\/4&Prime;][vc_column_text]<strong>NOS SOLUTIONS<\/strong><\/p>\n<p><strong><img decoding=\"async\" class=\"size-medium wp-image-102094 alignright\" src=\"http:\/\/siter.fr\/wp-content\/uploads\/2021\/10\/logo-qpilote-10-2021-300x87.png\" alt=\"\" width=\"300\" height=\"87\" srcset=\"https:\/\/siter.fr\/wp-content\/uploads\/2021\/10\/logo-qpilote-10-2021-300x87.png 300w, https:\/\/siter.fr\/wp-content\/uploads\/2021\/10\/logo-qpilote-10-2021.png 402w\" sizes=\"(max-width: 300px) 100vw, 300px\" \/><\/strong><\/p>\n<p><strong>QPILOTE<\/strong> : Pilotez vos projets territoriaux en collaboration avec vos \u00e9quipes, partenaires, \u00e9lus et financeurs. Q-PILOTE rassemble le suivi :<\/p>\n<ul>\n<li aria-level=\"1\">Des projets : avancement, t\u00e2ches, \u00e9quipes, alertes, partenaires\u2026<\/li>\n<li aria-level=\"1\">Des finances : d\u00e9penses, recettes, consommation des enveloppes, d\u00e9lais de caducit\u00e9<\/li>\n<li aria-level=\"1\">Des indicateurs de r\u00e9alisation et d\u2019impact<\/li>\n<\/ul>\n<p>&nbsp;<\/p>\n<p><strong><img decoding=\"async\" class=\"size-medium wp-image-102092 alignright\" src=\"http:\/\/siter.fr\/wp-content\/uploads\/2021\/10\/logo-gradient-10-2021-300x87.png\" alt=\"\" width=\"300\" height=\"87\" srcset=\"https:\/\/siter.fr\/wp-content\/uploads\/2021\/10\/logo-gradient-10-2021-300x87.png 300w, https:\/\/siter.fr\/wp-content\/uploads\/2021\/10\/logo-gradient-10-2021.png 402w\" sizes=\"(max-width: 300px) 100vw, 300px\" \/>GRADIENT\u00a0<\/strong><\/p>\n<p><strong>Gradient<\/strong> est une solution compl\u00e8te de pilotage de l\u2019exp\u00e9rience des participants et formateurs pour les soci\u00e9t\u00e9s de formation :<\/p>\n<ul>\n<li aria-level=\"1\">recrutement, suivi des comp\u00e9tences et planification des intervenants<\/li>\n<li aria-level=\"1\">mise \u00e0 disposition des ressources p\u00e9dagogiques<\/li>\n<li aria-level=\"1\">collecte des besoins des participants<\/li>\n<li aria-level=\"1\">calendrier des sessions<\/li>\n<li aria-level=\"1\">pilotage de la qualit\u00e9 (NPS)<\/li>\n<li aria-level=\"1\">certification des comp\u00e9tences acquises<\/li>\n<\/ul>\n<p>&nbsp;<\/p>\n<p><strong><img decoding=\"async\" class=\"size-medium wp-image-102084 alignright\" src=\"http:\/\/siter.fr\/wp-content\/uploads\/2021\/10\/logo-stratObs-10-2021-300x87.png\" alt=\"\" width=\"300\" height=\"87\" srcset=\"https:\/\/siter.fr\/wp-content\/uploads\/2021\/10\/logo-stratObs-10-2021-300x87.png 300w, https:\/\/siter.fr\/wp-content\/uploads\/2021\/10\/logo-stratObs-10-2021.png 402w\" sizes=\"(max-width: 300px) 100vw, 300px\" \/>STRATOBS<\/strong><\/p>\n<p><b>StraObs<\/b> apporte une r\u00e9ponse aux besoins de productions d&rsquo;analyse territoriale complexe, mobilisant des donn\u00e9es issues de sources nombreuses, \u00e0 diff\u00e9rentes \u00e9chelles territoriales (de la commune \u00e0 la France enti\u00e8re) mais aussi sur des territoires \u00e0 fa\u00e7on (regroupements).<\/p>\n<p>Les donn\u00e9es sont restitu\u00e9es en ligne sous forme de graphiques, tableaux, cartographie et sous la forme d&rsquo;export de documents complets et modifiables (diaporama bureautique).<\/p>\n<p>&nbsp;<\/p>\n<p><strong><img decoding=\"async\" class=\"size-medium wp-image-102093 alignright\" src=\"http:\/\/siter.fr\/wp-content\/uploads\/2021\/10\/logo-enquete-10-2021-300x87.png\" alt=\"\" width=\"300\" height=\"87\" srcset=\"https:\/\/siter.fr\/wp-content\/uploads\/2021\/10\/logo-enquete-10-2021-300x87.png 300w, https:\/\/siter.fr\/wp-content\/uploads\/2021\/10\/logo-enquete-10-2021.png 402w\" sizes=\"(max-width: 300px) 100vw, 300px\" \/>ENQU\u00caTE<\/strong><\/p>\n<p>Une solution compl\u00e8te de gestion des enqu\u00eates sur les pratiques professionnelles (agriculture,&#8230;)\u00a0 :<\/p>\n<ul>\n<li>cr\u00e9ation du questionnaire (d\u00e9pendances, seuil d\u2019alertes, \u2026)<\/li>\n<li>annuaire des enqu\u00eat\u00e9s<\/li>\n<li>gestion des enqu\u00eateurs<\/li>\n<li>attributions des enqu\u00eates \u00e0 r\u00e9aliser<\/li>\n<li>saisie des r\u00e9ponses aux questionnaires en ligne ou hors-ligne<\/li>\n<li>statistiques,<\/li>\n<li>identification des activit\u00e9s \u00e0 risque<\/li>\n<li>suivi des besoins d\u2019accompagnement<\/li>\n<li>bilan des actions<\/li>\n<li>suivi des risques<\/li>\n<\/ul>\n<p>[\/vc_column_text][\/vc_column][\/vc_row][vc_row][vc_column][\/vc_column][\/vc_row]<\/p>\n<\/div>","protected":false},"excerpt":{"rendered":"<p>[vc_row][vc_column column_width_percent=\u00a0\u00bb100&Prime; gutter_size=\u00a0\u00bb3&Prime; overlay_alpha=\u00a0\u00bb50&Prime; shift_x=\u00a0\u00bb0&Prime; shift_y=\u00a0\u00bb0&Prime; shift_y_down=\u00a0\u00bb0&Prime; z_index=\u00a0\u00bb0&Prime; medium_width=\u00a0\u00bb0&Prime; mobile_width=\u00a0\u00bb0&Prime; width=\u00a0\u00bb1\/4&Prime; uncode_shortcode_id=\u00a0\u00bb177690&Prime;][vc_column_text uncode_shortcode_id=\u00a0\u00bb108862&Prime;]D\u00e9couvrez nos produits et services en vid\u00e9os[\/vc_column_text][vc_gallery el_id=\u00a0\u00bbgallery-159136&Prime; [&hellip;]<\/p>\n","protected":false},"author":1,"featured_media":0,"parent":0,"menu_order":0,"comment_status":"closed","ping_status":"closed","template":"","meta":{"footnotes":""},"class_list":["post-102157","page","type-page","status-publish","hentry"],"_links":{"self":[{"href":"https:\/\/siter.fr\/index.php\/wp-json\/wp\/v2\/pages\/102157","targetHints":{"allow":["GET"]}}],"collection":[{"href":"https:\/\/siter.fr\/index.php\/wp-json\/wp\/v2\/pages"}],"about":[{"href":"https:\/\/siter.fr\/index.php\/wp-json\/wp\/v2\/types\/page"}],"author":[{"embeddable":true,"href":"https:\/\/siter.fr\/index.php\/wp-json\/wp\/v2\/users\/1"}],"replies":[{"embeddable":true,"href":"https:\/\/siter.fr\/index.php\/wp-json\/wp\/v2\/comments?post=102157"}],"version-history":[{"count":29,"href":"https:\/\/siter.fr\/index.php\/wp-json\/wp\/v2\/pages\/102157\/revisions"}],"predecessor-version":[{"id":102365,"href":"https:\/\/siter.fr\/index.php\/wp-json\/wp\/v2\/pages\/102157\/revisions\/102365"}],"wp:attachment":[{"href":"https:\/\/siter.fr\/index.php\/wp-json\/wp\/v2\/media?parent=102157"}],"curies":[{"name":"wp","href":"https:\/\/api.w.org\/{rel}","templated":true}]}}